r of a and j.
3
Let y(p) = -3*p - 10. Let g = -20 - -14. Let w be y(g). Suppose -a = 4*o - 11, 3*o + w = -4. What is the highest common divisor of 3 and a?
3
Suppose 3*u + 8 = -4*f + 2, -6 = 2*f. Let t be u/(-8) + 0 + 218/8. Calculate the highest common divisor of t and 3.
3
Let q(t) = -t**3 + 37*t**2 + 27. Let f be q(37). What is the highest common divisor of f and 108?
27
Let p be 4/(-10) - 1026/(-90) - -1. Calculate the highest common factor of p and 222.
6
Suppose 5*a = a - 3*l + 411, -5*a + 3*l = -480. Calculate the highest common divisor of a and 11.
11
Let b be (24/(-30))/(4/(-90)). Suppose 4*t + 3*p = 20 + 36, -t - 5 = -4*p. Let z(a) = 2*a - 10. Let r be z(t). What is the greatest common factor of b and r?
6
Let z(f) = -f. Let o be z(-7). Calculate the greatest common divisor of o and 189.
7
Suppose 2*x - 3*c - 21 = 0, x + c = -x + 41. Suppose z = -2*i + 4*i - 19, -5*i + 4*z = -52. Let o = i + -6. Calculate the highest common factor of o and x.
2
Let o = -8 - -44. What is the greatest common divisor of o and 18?
18
Let n be 12 + 4*(-3)/(-6). Suppose 17*w = 15*w + 42. Calculate the greatest common factor of n and w.
7
Let d be (-26)/(234/2295)*5/(-3). What is the greatest common factor of d and 170?
85
Let d(r) = -4*r**2 + 2*r + 2. Let x be d(-1). Let a be (-13 + 2 - (x + 7))*-1. Calculate the highest common factor of a and 70.
14
Let z = -119 + 185. Let x be (-4)/(-12)*z - (6 + -2). What is the highest common factor of 27 and x?
9
Suppose -12 = -5*s - 2*z - z, 0 = -z - 1. Suppose -2*h + 61 = 3*o, -s*h + o = -2*o - 69. What is the highest common factor of h and 130?
26
Suppose -1332 = -9*f - 102*f. What is the highest common factor of f and 2748?
12
Let j(i) = 2*i**3 - 16*i**2 - 7*i - 27. Let s be j(9). Calculate the highest common divisor of s and 117.
9
Suppose -4*w = -8*w. Suppose w = -0*l + 3*l - 9. Suppose 112 = -p + l*p. Calculate the highest common factor of p and 8.
8
Let d(z) = z**3 - 9*z**2 + 7*z + 1. Let k be d(8). Let f = k + 8. What is the greatest common divisor of f and 2?
1
Suppose 8*i - 15*i = -3010. Calculate the greatest common factor of 10 and i.
10
Let c be 341/(-62) - (-2)/(-4) - -66. What is the greatest common factor of c and 510?
30
Let i be (4 - 4) + 8 - -64. Let c = 22 + 2. What is the highest common factor of c and i?
24
Suppose 2*y + 2*i - 90 = 0, 4*y = 6*i - 4*i + 150. Calculate the greatest common factor of y and 340.
20
Let m be 216/21 - 8/28. Let s(f) = 4*f**2 + 2*f + 24. Let n be s(-4). What is the highest common divisor of n and m?
10
Let u = 741 - 571. What is the highest common divisor of 595 and u?
85
Let b(a) = -a**2 + 13*a + 26. Let l be b(13). Calculate the highest common divisor of l and 26.
26
Let t = 328 - 280. What is the highest common factor of t and 64?
16
Let m(w) = -w**2 - 7*w + 2. Let b be m(-6). Let o = 28 - b. Suppose 0 = -3*h - 2*x + o, 4*x + 30 = 2*h + 2*x. Calculate the greatest common divisor of h and 30.
10
Let h(t) = t + 14. Let v be h(-8). Suppose -v*f = -5*f - 7. What is the highest common factor of f and 56?
7
Suppose 0 = 4*i - 5*h - 60, 40 = 2*i - 4*h + 10. What is the greatest common factor of i and 885?
15
Suppose 2*i + b = 45, 1 = b - 4. Suppose 5*r - 4*l - 43 = -5, -3*r + 39 = 3*l. Calculate the greatest common divisor of i and r.
10
Let f = 2796 + -1951. What is the greatest common factor of f and 195?
65
Suppose 2*k - 235 = -3*u, -2*u + 285 = 2*u - 3*k. What is the greatest common factor of u and 30?
15
Suppose -2*s + 9 + 1 = 0. Let v be (1 - (s + -7)) + 25/1. Calculate the highest common factor of v and 21.
7
Let o(q) = -3*q**2 + q - 4*q**3 + 1 + 3*q**3 - q. Let d be o(-4). Let c = d - 14. What is the highest common factor of 3 and c?
3
Let l be (0 - 0) + (-14 - -14). Suppose -1 = 3*g - 4*b - 0, b - 1 = l. Let r = 5 - g. What is the highest common divisor of r and 32?
4
Let d(q) = -2*q**3 + 3*q**2 + q + 2. Let a be d(-4). Suppose -a = -9*h + 3*h. Calculate the greatest common factor of h and 29.
29
Let n = -237 + 261. Let z = 108 - -12. Calculate the highest common divisor of z and n.
24
Suppose 2*p = -2 + 10. Let v = 6 + -2. Suppose -3*t = -v*t - p*g + 159, 0 = -g - 3. What is the highest common divisor of 19 and t?
19
Suppose 2*c - 1884 = -3*y, 3*y = -2*y + 5*c + 3165. What is the greatest common divisor of y and 540?
90
Suppose -14*o + 1400 = -0*o. What is the highest common divisor of 25 and o?
25
Suppose 27*q = 133 + 218. Suppose 2*t - 315 = -81. What is the highest common factor of t and q?
13
Suppose 0 = -3*s - a + 231, 0 = 4*s - 5*a - 30 - 297. What is the greatest common factor of 507 and s?
39
Let l be (-24)/(-12) - (1 + -249). Calculate the highest common divisor of 25 and l.
25
Suppose -4*w = 24 - 4, 5*o - 2*w - 100 = 0. Let c(b) = -b + b**2 + 0 + 0*b + 3*b**2 + 2 + b**3. Let n be c(-4). Calculate the highest common divisor of o and n.
6
Let q = 3 + 15. Let a be -3 + q/3 + 15. Let o(k) = -k**3 + 3*k**2 + 6*k + 9. Let j be o(-3). Calculate the greatest common divisor of j and a.
9
Let l(k) = -k + 2. Let n be l(2). Suppose n = 3*y - 40 - 80. What is the greatest common divisor of 8 and y?
8
Let g = 1 - 0. Let d be 2/6*(-3)/g. Let l be (24/14)/(d/(-42)). Calculate the greatest common factor of 9 and l.
9
Let i(m) = 9*m**2 - 1. Let k be i(-1). Suppose 4*l + l - 10 = 0. Let q be 2 + 152/(l + 2). Calculate the highest common factor of k and q.
8
Let u = 34 - 15. Let t = -91 - -224. Calculate the greatest common factor of u and t.
19
Let z(o) = -10*o - 2. Let d be z(-3). Let i(q) = 12*q**2 - 3. Let p be i(2). Let g = p - 41. What is the highest common divisor of d and g?
4
Suppose -11*m = -3*m - 912. Suppose 4*g - 7*g + m = 0. What is the greatest common divisor of g and 38?
38
Let i(k) = 297*k**3 - 3*k**2 + 17*k - 33. Let g be i(2). Calculate the highest common factor of 43 and g.
43
Let b = -303 + 315. Calculate the greatest common divisor of 492 and b.
12
Suppose 0 = -29*g + 1 + 86. What is the highest common divisor of 201 and g?
3
Let k(b) = -2*b**2 - 77*b - 58. Let p be k(-34). Calculate the greatest common divisor of 24 and p.
8
Let w be -4 - (-18 + 0) - 6/3. What is the highest common factor of w and 3?
3
Suppose 7 = 2*f - 1. Let z = 1 + f. Suppose -z*w + 20 = -0*w, s + 3*w - 29 = 0. What is the greatest common factor of s and 17?
17
Let l be (-9)/(((-75)/(-168) - 1) + 47/376). Let b be 1/2*334 + 1. What is the greatest common divisor of b and l?
21
Let j(k) = k + 35. Let p be j(-25). Calculate the highest common factor of p and 110.
10
Let n be ((-168)/49)/(3/(-7)). Suppose 0 = -c + 2*c + 6. Let z be (-195)/c + (-2)/4. What is the highest common divisor of z and n?
8
Let o = 114 - 69. Suppose 5*j = -4*k + o, k = -4*k. What is the greatest common factor of 3 and j?
3
Let c(h) = -6*h + 15. Let n be c(-6). Suppose 0*z - z = 3*k - 37, 0 = -4*k - z + n. Calculate the highest common divisor of k and 56.
14
Let a = 10 + -6. Suppose 0 = a*v - 3*v - 20. Let t = v + -12. Calculate the greatest common divisor of 32 and t.
8
Let s be (-40)/(-16) + 283/2. Calculate the highest common factor of s and 9.
9
Let z(x) = -10*x**2 + 1. Let w be z(-1). Let g = w - -9. Suppose -8*v + 6*v + 84 = g. What is the highest common divisor of v and 105?
21
Let t be 0*(0 + 2/4). Let n be t - ((-3)/1 + -9). Let i = 152 + -68. What is the highest common factor of n and i?
12
Let o(d) be the second derivative of -3*d**3/2 + 2*d**2 - 6*d + 1. Let h be o(-2). What is the highest common factor of 22 and h?
22
Let y = -51 - -51. Suppose -5*n = -x - 177, y = -5*n - x + 244 - 61. Calculate the greatest common divisor of n and 18.
18
Let j be (-426)/(-16) - 5/(160/(-12)). What is the greatest common divisor of 3 and j?
3
Let y = 353 + -293. Calculate the greatest common factor of 30 and y.
30
Suppose 0 = -4*x + 5*q + 11, 0 = x - 4*x + 3*q + 12. Calculate the greatest common factor of 27 and x.
9
Suppose 0 = -4*d + 3*c + 38, 0 = -2*d + 3*d - c - 9. What is the greatest common factor of 11 and d?
11
Let b = 298 + -158. Suppose x + 3*x - b = 0. Calculate the highest common factor of 10 and x.
5
Let i = 128 - 93. Calculate the greatest common factor of i and 5.
5
Let s(t) = 2*t**2 + 14*t - 5. Let q be s(-9). Calculate the highest common divisor of 403 and q.
31
Let i be 74 - 1/(-3)*-9. Let h =